.
2, 11
Let f(i) = 29*i - 5. Let t be f(2). Suppose 4*x + a = 5*a + 196, -t = -x - 3*a. List the prime factors of x.
2, 5
Let v(u) = u**2 + 6*u - 1. Suppose -3*i - 13 = -2*s, -i - 8 = i - 2*s. Let w be v(i). What are the prime factors of (4/(-3))/(1/w)?
2
Suppose 6*g = 3 + 9. Suppose g*z + 54 = 3*l - 92, 4*l - z - 188 = 0. List the prime factors of l.
2, 23
Suppose -3*j + n + 14 + 1 = 0, -4*n = -4*j + 12. Suppose -2*t + j*t - 4*a = 36, -5*a = -4*t + 31. Let v = t - -26. What are the prime factors of v?
2, 5
Let u = 84 + -30. Suppose -x + 4 + u = 0. Suppose -z + 3*z + 5*f = 11, x = 4*z - 2*f. List the prime factors of z.
13
Suppose 190 = 33*n - 28*n. What are the prime factors of n?
2, 19
Suppose -4*t = 5*d - 9*t - 120, -117 = -5*d + 2*t. List the prime factors of d.
23
List the prime factors of 1545/(-6)*-2 - 1.
2, 257
Let b(m) = -7*m + 24. Let h(z) = 9*z - 78 + 6*z + 31. Let f(k) = -5*b(k) - 2*h(k). List the prime factors of f(12).
2, 17
What are the prime factors of 627156/432 - 2*2/(-16)?
2, 3, 11
Let b = 92 - 20. Let i = b + -38. List the prime factors of i.
2, 17
Suppose -3*b = 7*b - 3520. Suppose 114 = -j - 3*c + 294, 2*j + 4*c = b. What are the prime factors of j?
2, 3, 7
Let k = 51 + -39. List the prime factors of 4/(-16) - (-999)/k.
83
What are the prime factors of 2*(61/2 + 3)?
67
Let r(s) = 113*s**2 - 13*s - 40. What are the prime factors of r(-3)?
2, 127
Let h(c) = 115*c + 203. What are the prime factors of h(14)?
7, 37
Suppose -2*h + 732 - 132 = -2*a, 0 = -2*h - a + 591. Let d = h + -111. What are the prime factors of d?
2, 3, 31
Suppose -21*b = -15*b - 726. What are the prime factors of b?
11
Suppose 3*v - 507 - 1429 = -f, -3*v = 4*f - 1948. List the prime factors of v.
2, 7, 23
Let s(v) = 14*v - 77. Let o be s(6). Let w = 114 + -80. Suppose -o = -y + w. What are the prime factors of y?
41
Suppose -6*h = -7*h - 4. Let a(l) = l**2 + 4*l + 2. Let j be a(h). Suppose -j*w = -4*w + 84. What are the prime factors of w?
2, 3, 7
Suppose 0 = 3*g + 2*x - 20, -4*g - 2*x - 3*x + 36 = 0. Suppose 328 = g*j - 228. What are the prime factors of j?
139
Let a = -10 + 18. Let v(s) be the third derivative of -s**6/120 + 7*s**5/60 + 11*s**4/24 - s**3/2 + 3*s**2. What are the prime factors of v(a)?
3, 7
Suppose 5*o - 1057 = 183. Suppose 6*h + o = 8*h. List the prime factors of h.
2, 31
Suppose -201*h + 44940 = -186*h. List the prime factors of h.
2, 7, 107
Let s(j) be the first derivative of -1/3*j**3 - 11/2*j**2 + 5 + 9*j. What are the prime factors of s(-10)?
19
Suppose -682 + 1033 = 3*h. List the prime factors of h.
3, 13
Suppose 2*q + 2*q = 68. Suppose -3*u = -4*d - 2, -2*u - 7 = -3*d + 2*d. Let o = q - u. What are the prime factors of o?
23
Suppose 10 = -3*a + 130. Let q be -4*1*a/(-16). Suppose -6*i = -q*i + 184. What are the prime factors of i?
2, 23
Let d(w) = 2*w - 9. Let t be d(6). Let p(m) = 4 - m**t - 9*m**2 + 1 + 14*m - 24*m. What are the prime factors of p(-8)?
3, 7
Let f(l) = 25 - 11*l**2 - 19*l + 13*l**2 - 7*l. What are the prime factors of f(17)?
7, 23
Let n be 717/12 + 1*1/4. Suppose -250 = -c - n. List the prime factors of c.
2, 5, 19
What are the prime factors of 17268/32 + (-9)/(-24)?
2, 3, 5
Let n be ((-3)/5 + (-8)/(-8))*10. Suppose -n*y + 305 + 79 = 0. List the prime factors of y.
2, 3
Suppose -4*s = -5*b - 15, -7*s + 2*s = -3*b - 9. Suppose 62 = 2*x - d - s*d, -5*x + 2*d + 156 = 0. List the prime factors of x.
2
Suppose 2*y - 5*g - 49 + 5 = 0, -28 = -y + g. What are the prime factors of (y/(-12) - -4)/(4/102)?
2, 17
Suppose -4*r - 4*o + 68 = 0, 44 = 3*r - 4*o - 42. What are the prime factors of ((-2)/(-2))/(r/1210)?
5, 11
Let o(s) = -s + 1. Let z(x) = -4*x + 13. Let h(i) = -3*o(i) + z(i). Let t be h(6). Suppose 34 = 2*f - 5*b, f = 3*b + 13 + t. What are the prime factors of f?
17
Suppose 7*o = -9*o + 4240. List the prime factors of o.
5, 53
Let q be (4 + 0)*-1 + 2. Let r be 50/q - (-3 - 1). List the prime factors of (1 - (r + 3)) + 4.
23
Let t(v) = -v**3 - v**2 - 3*v - 3. Let i be t(-2). Let b = i + 2. Suppose b = 4*q - 75. What are the prime factors of q?
3, 7
Let v(h) = -10*h + 49. List the prime factors of v(-4).
89
Let f be -4 - 16/(-2 - -1). Let s(c) = -c**2 + c - 14. Let w be s(0). Let q = f - w. What are the prime factors of q?
2, 13
Suppose 7*n = 416 + 235. What are the prime factors of n?
3, 31
Suppose 0*r + 2*r - 66 = 0. Suppose 0 = 4*f - 139 - r. Suppose 3*p - 4*l - f = 0, -2*p - 2*l = -3*p + 11. What are the prime factors of p?
3, 7
Let g(t) = t - 4. Let u be g(10). Suppose 885 = u*s - 57. What are the prime factors of s?
157
Let x = -419 - -250. Let i = -65 - x. List the prime factors of i.
2, 13
Let f(o) = 7*o**3 + o**2 - 2*o - 4. Let n be f(-2). List the prime factors of 2 + (-7)/(7/n).
2, 3
Suppose -g = -10 + 7. Suppose 3*k - 4*x = 32, -4*k + g*k = 5*x + 21. Let q(f) = 4*f**2 - 2*f + 5. What are the prime factors of q(k)?
61
Let j(p) = p**2 - p. Let m be j(1). Let g(t) = -t**2 + 20. List the prime factors of g(m).
2, 5
Suppose 9 = -3*c, -10*y + 5*c = -14*y - 11. Let b(a) = 266*a**2 - 12*a + 12. List the prime factors of b(y).
2, 7, 19
Let q = -86 - -123. Let s = q - -15. What are the prime factors of s?
2, 13
Let l = -646 - -1149. What are the prime factors of l?
503
Let n = 1261 - -370. List the prime factors of n.
7, 233
Let m be (0 + 0)/(8/4). Let h be (1 + m)/(5/1325). Suppose -h = -5*s - g - 41, 3*s - 4*g - 139 = 0. What are the prime factors of s?
3, 5
Let b = 10 - -43. What are the prime factors of 4*(b + 0/(-3))?
2, 53
Let f = -29 + 32. Suppose -2*b = 2*k - 14, 0*b = -4*k + f*b + 14. What are the prime factors of (k + 1)*1/3?
2
Suppose 79820 = 20*n + 45*n. What are the prime factors of n?
2, 307
Suppose 2*f + f + 168 = 0. Let g = -18 - f. List the prime factors of g.
2, 19
Suppose 0 = -6*u + 2*u - 40. Let j be (u + 5)*8/(-5). List the prime factors of (82/j)/(6/24).
41
Suppose -9 = -r - 5. Suppose -r = g + g. List the prime factors of (0 - -3) + 7 + g.
2
Let x(f) = -63*f**3 + 2*f**2 - 9*f - 20. What are the prime factors of x(-2)?
2, 3, 5, 17
Let w(g) = g**3 + 7*g**2 - 10*g + 5. Let x be w(-8). Suppose -19 = i - x. What are the prime factors of i?
2
Suppose -3*p - 285 = -2*g - 0*p, 5*g - p - 680 = 0. List the prime factors of g.
3, 5
Suppose -12*b + 9*b = -450. Suppose 4*x + s - 45 - 109 = 0, 0 = 4*x - s - b. List the prime factors of x.
2, 19
Suppose -11*c - 345 = -6*c. Let l = 167 + c. What are the prime factors of l?
2, 7
Let r(q) be the second derivative of -q**4/12 + 4*q**3 - 33*q**2/2 - 21*q. List the prime factors of r(17).
2, 43
Suppose 0 = -r + 6*r + 10. List the prime factors of ((-14)/(-21))/(r/(-180)).
2, 3, 5
Let p be (1/10*8)/((-14)/(-35)). Let k(j) = 38*j**2 + 5*j - 12. What are the prime factors of k(p)?
2, 3, 5
Suppose -4*i + 3041 + 6467 = 0. List the prime factors of i.
2377
Let q(s) = -s**2 - 10*s - 4. Let i be q(-7). Let w = i - 24. List the prime factors of 2496/84 + (-2)/w.
2, 3, 5
Suppose -5*p + 0*s - 2*s = -452, -451 = -5*p - s. Suppose -2*v + p = -5*m, 3*v + 0*v = -4*m + 135. What are the prime factors of v?
3, 5
What are the prime factors of (2286 - 6)/(21/28)?
2, 5, 19
Let f be ((-304)/(-12))/(-2)*-18. Suppose 0 = 2*q + 2*q - f. What are the prime factors of q?
3, 19
Let c = 291 - 141. List the prime factors of c.
2, 3, 5
Let b(a) = 2*a**2 - 26*a + 17. Let r be b(11). Let m = 213 + r. What are the prime factors of m?
2, 3, 31
Let f be (-633)/(-5) + -6*4/(-60). Suppose -4*u - 47 + f = 0. List the prime factors of u.
2, 5
Suppose -f = 2*y - 432, 4*y - 11*f - 878 = -6*f. What are the prime factors of y?
7, 31
Suppose 2*l + 3 = -l. Let o = l - -19. Suppose -52 = -5*c + o. What are the prime factors of c?
2, 7
Let t be (-2)/7 + (-7572)/(-42). Suppose -3*i - 3 = -t. What are the prime factors of i?
59
Let b = -13 - -1222. Suppose -5*d - 124 = -b. What are the prime factors of d?
7, 31
Suppose 5*z = 4*t - 1936, 3*t = -13*z + 16*z + 1455. What are the prime factors of t?
3, 163
Let o = 652 - 172. List the prime factors of o.
2, 3, 5
Let t(b) = b**3 + 27*b**2 + 71*b + 24. What are the prime factors of t(-22)?
2, 3, 7
Let u be -1*(-1)/((-2)/8). Let t be u + (-3 - -3) + 7. Suppose -t*c + 40 = -y - 58, -156 = -5*c - 2*y. List the prime factors of c.
2
Suppose -5 = 5*f - 15. Suppose 3*